est common factor of 512 and 3872?
32
What is the greatest common factor of 184269 and 257?
257
Calculate the highest common factor of 915 and 1280085.
915
Calculate the greatest common factor of 26 and 1083.
1
Calculate the greatest common divisor of 2793 and 6099.
57
What is the highest common divisor of 1104 and 264339?
69
What is the highest common factor of 6549 and 7552?
59
Calculate the greatest common divisor of 145156 and 68.
4
What is the greatest common divisor of 3 and 179997?
3
What is the highest common divisor of 497560 and 16?
8
Calculate the highest common divisor of 45619 and 76.
19
What is the highest common factor of 1346033 and 1222?
611
Calculate the highest common divisor of 476 and 140.
28
Calculate the greatest common factor of 1540 and 952.
28
What is the greatest common divisor of 1629 and 1152?
9
What is the highest common divisor of 81084 and 48?
12
What is the greatest common factor of 731511 and 198?
99
Calculate the highest common factor of 875 and 2870.
35
What is the greatest common factor of 242 and 2651?
11
What is the greatest common factor of 6 and 4688?
2
What is the highest common factor of 159229 and 301?
301
Calculate the greatest common factor of 128943 and 63.
9
What is the highest common divisor of 1922 and 1860?
62
Calculate the highest common divisor of 3752 and 9514.
134
What is the highest common factor of 19368 and 1764?
36
Calculate the greatest common factor of 67564 and 42.
14
Calculate the greatest common divisor of 283092 and 60.
12
What is the highest common factor of 21 and 314293?
7
Calculate the greatest common divisor of 593422 and 188.
94
What is the greatest common divisor of 196803 and 54?
27
Calculate the greatest common divisor of 437 and 269629.
437
Calculate the greatest common divisor of 202506 and 18.
6
Calculate the highest common factor of 434016 and 1184.
32
What is the greatest common divisor of 81 and 1517211?
81
Calculate the highest common factor of 42384 and 96.
48
Calculate the greatest common divisor of 31324 and 574.
82
Calculate the highest common factor of 162 and 1446.
6
What is the highest common factor of 876 and 365?
73
Calculate the highest common divisor of 67635 and 27.
27
Calculate the highest common divisor of 8906469 and 429.
429
Calculate the highest common divisor of 7326305 and 644.
161
What is the highest common factor of 1 and 1132139?
1
What is the highest common factor of 2 and 149782?
2
Calculate the highest common divisor of 53303 and 18709.
353
What is the highest common factor of 176391 and 278?
139
What is the greatest common divisor of 900 and 2037150?
450
What is the greatest common divisor of 9405 and 72?
9
Calculate the greatest common divisor of 1208990 and 10.
10
Calculate the greatest common divisor of 530866 and 245.
49
Calculate the highest common factor of 1576 and 183604.
788
Calculate the highest common divisor of 24795 and 225.
45
Calculate the greatest common factor of 59354 and 826.
118
Calculate the highest common factor of 49775 and 715.
55
Calculate the highest common factor of 4460 and 635104.
892
Calculate the greatest common divisor of 23528 and 1768.
136
What is the highest common factor of 684 and 202920?
228
What is the greatest common divisor of 1904 and 471376?
272
What is the highest common divisor of 304 and 79838?
38
What is the highest common factor of 82672 and 64?
16
What is the greatest common divisor of 2824215 and 60?
15
Calculate the greatest common factor of 136 and 189184.
8
Calculate the highest common factor of 10261 and 124.
31
Calculate the greatest common factor of 234350 and 25.
25
What is the highest common factor of 2184 and 793884?
1092
What is the greatest common factor of 479688 and 33?
33
Calculate the greatest common factor of 91 and 38207.
13
What is the greatest common divisor of 26403 and 2496?
39
Calculate the greatest common divisor of 1 and 24456.
1
Calculate the highest common divisor of 6960 and 31088.
464
Calculate the greatest common divisor of 6 and 15849.
3
Calculate the greatest common factor of 5467 and 6887.
71
What is the greatest common divisor of 1702914 and 4904?
1226
Calculate the greatest common divisor of 5 and 214105.
5
Calculate the greatest common divisor of 1360 and 45.
5
Calculate the highest common factor of 9615 and 30.
15
What is the greatest common divisor of 158947 and 1378?
53
Calculate the greatest common factor of 387399 and 1578.
789
Calculate the greatest common factor of 236 and 256296.
236
What is the highest common factor of 864 and 2027232?
288
Calculate the highest common factor of 1909 and 299.
23
Calculate the greatest common divisor of 1232 and 10032.
176
Calculate the greatest common divisor of 44896 and 37332.
244
Calculate the highest common factor of 298 and 2837556.
298
Calculate the highest common factor of 3864 and 274386.
42
Calculate the greatest common divisor of 2502192 and 154.
154
Calculate the highest common factor of 374 and 365860.
22
Calculate the greatest common divisor of 903 and 32637.
129
What is the highest common factor of 40 and 38072?
8
What is the greatest common factor of 150 and 31225?
25
What is the highest common divisor of 4208 and 817667?
263
What is the highest common factor of 224 and 175392?
224
What is the greatest common factor of 228 and 7619?
19
Calculate the greatest common divisor of 536 and 591476.
268
What is the greatest common factor of 2226 and 3354?
6
Calculate the greatest common divisor of 9724 and 16830.
374
What is the highest common divisor of 2219 and 1113?
7
What is the greatest common divisor of 10 and 118010?
10
Calculate the greatest common divisor of 5632375 and 2870.
1435
What is the greatest common divisor of 168606 and 203?
29
What is the greatest common divisor of 45372 and 2964?
228
What is the greatest common factor of 312 and 984?
24
Calculate the greatest common divisor of 113932 and 182.
182
Calculate the highest common divisor of 415226 and 38802.
446
Calculate the greatest common factor of 234578 and 636.
106
What is the greatest common factor of 158559 and 17?
17
Calculate the greatest common factor of 207 and 75693.
69
What is the greatest common factor of 7220 and 1615?
95
What is the highest common factor of 15192 and 80?
8
Calculate the highest common divisor of 109965 and 30.
15
What is the highest common divisor of 904589 and 49?
49
What is the highest common factor of 63 and 8631?
63
Calculate the highest common factor of 3519256 and 1014.
338
What is the greatest common factor of 5805 and 1333?
43
What is the greatest common factor of 45679 and 187?
17
Calculate the greatest common factor of 112167 and 515.
103
Calculate the greatest common factor of 18748 and 13932.
172
Calculate the greatest common divisor of 4186005 and 435.
435
Calculate the greatest common factor of 35368 and 24.
8
What is the greatest common divisor of 96985 and 6545?
595
Calculate the highest common factor of 809792 and 64.
64
Calculate the greatest common divisor of 99879 and 2028.
507
Calculate the highest common factor of 81975 and 4950.
75
Calculate the highest common factor of 147865 and 5.
5
Calculate the highest common divisor of 616652 and 1364.
124
Calculate the greatest common divisor of 156 and 119392.
52
Calculate the highest common divisor of 624754 and 234.
26
What is the highest common divisor of 100854 and 10998?
234
Calculate the highest common divisor of 169140 and 2120.
20
What is the greatest common divisor of 1341 and 5283?
9
What is the highest common factor of 502650 and 6900?
150
Calculate the highest common divisor of 70 and 44898.
14
Calculate the greatest common factor of 6182 and 176.
22
What is the greatest common divisor of 16 and 953164?
4
What is the greatest common divisor of 1 and 6037?
1
What is the greatest common divisor of 117510 and 42?
6
Calculate the highest common divisor of 249 and 38263.
83
Calculate the highest common factor of 172379 and 446.
223
What is the greatest common factor of 3492 and 194?
194
What is the greatest common divisor of 78 and 11814?
6
Calculate the highest common factor of 8796 and 504.
12
Calculate the greatest common factor of 850 and 646.
34
What is the highest common divisor of 5910 and 70?
10
Calculate the highest common 